3*o(i) - 8*v(i). Let q be g(1). Suppose 6*b - 102 = q*b. What is the tens digit of b?
5
Let w(c) = 3*c + 43. Let h be w(-5). Let x = 5 + -19. Let z = h + x. What is the tens digit of z?
1
Let a = -791 - -1977. What is the units digit of a?
6
Suppose x + 5*k = -13, 0 = -k - 3 - 0. Suppose 2*m = 5*l - 167 - 738, 3*m = x*l - 373. What is the units digit of l?
9
Let z be 3/(-9) + (-388)/(-12) + -4. Suppose 2*g + z = 3*g. What is the tens digit of g?
2
Suppose -p + 19 = -3*z, 76 = 3*p + 5*z - 23. Suppose -p = 6*b + 8. What is the tens digit of 1 - (-100)/b*-3?
5
Let h = -85 + 421. What is the tens digit of h?
3
Let d = 9 + -6. Let w be ((-15)/9 + 2)*d. Suppose 8*a = 9 - w. What is the units digit of a?
1
Suppose 5*d - 5*x - 485 = 0, -2*d + 6*x = x - 194. Suppose 0 = 4*w - 3*n - 482 + 79, -w = -2*n - d. What is the units digit of w?
3
Suppose p + 4*a - 3378 = 722, 2*a - 8212 = -2*p. What is the units digit of p?
8
Suppose 5*t - 140 = -125. What is the tens digit of (32/5)/((9/120)/t)?
5
Suppose -12*d + 9*d - 4*m + 895 = 0, 3*d - 4*m = 935. What is the units digit of d?
5
Suppose -54*x + 25*x + 43065 = 0. What is the thousands digit of x?
1
Suppose 0*w - 4*w - 292 = 0. Let h = w + 145. Suppose 0 = 4*m - 2*y - 0*y - h, -3*y = 2*m - 28. What is the tens digit of m?
1
Suppose -5*w - 5 = 5*o, -4*o - 3*w + 5 = -2*w. Suppose 0 = -10*h + o*h + 120. What is the tens digit of h?
1
Let a be (-1)/((-5 - -2)/9). Let z(k) = 3*k**3 - k**2. Let h be z(a). What is the tens digit of h*((-4)/8 + 1)?
3
Suppose 0 = 4*u - 2*z - 4, -5*z + 8 + 0 = -u. Suppose 11 = -u*y + 21. What is the units digit of y?
5
Suppose 0 = -0*h + 7*h - 28. Suppose -3*b + 102 + 164 = -5*q, -h*b - 4*q = -312. What is the units digit of b?
2
Suppose 0 = 10*b - 7827 - 7593. What is the hundreds digit of b?
5
What is the hundreds digit of (2738/(-3))/((-12)/18)?
3
Let y(w) be the second derivative of -2*w**3/3 + 7*w**2/2 - 5*w. What is the tens digit of y(-11)?
5
Suppose 0 = -6*i + 1585 + 3341. What is the tens digit of i?
2
Suppose 2987 + 1553 = 5*u. What is the units digit of u?
8
Suppose -2*g - 3*x + 896 = 0, -2340 = -5*g - x - 126. What is the tens digit of g?
4
Let j(n) = -14*n + 28. Let s(l) = -7*l + 14. Let v(z) = 6*j(z) - 11*s(z). What is the units digit of v(-7)?
3
Suppose r - 8*r + 168 = 0. Suppose -m + 2*u - 4 = -1, -u = 4*m - r. What is the units digit of m?
5
Suppose -w = -0*w. Suppose w = -c - 0 + 4. Suppose c*q = -4*u + 116, q + 4*u - 7 = 19. What is the units digit of q?
0
Suppose -4 = -p - 2. Suppose d - 321 = -p*d. Suppose -4*j = -3*k - d, -j + 29 = -0*k - 3*k. What is the tens digit of j?
2
What is the thousands digit of (-3)/5 + -23412*(-14)/280?
1
Suppose 5*v = -0*j + 5*j - 12845, 4*j - 10279 = 5*v. What is the tens digit of j?
6
Suppose 2*j - 24 = -3*p + p, -5*j = -5*p + 30. Let r(a) = 2*a - 8. Let i(f) = f - 9. Let y(d) = -3*i(d) + 2*r(d). What is the tens digit of y(p)?
2
Let r(x) = 11*x - 14*x**2 - 4*x**3 - 5*x**3 + 18 + x**3 + 6*x**3. What is the tens digit of r(-8)?
5
Let c be 4*4/32*-6 - -1. What is the units digit of 134*(-2)/4*c?
4
Let r = 2417 + -1385. What is the hundreds digit of r?
0
Let v = 361 + 339. What is the units digit of v?
0
Let g(q) = q**2 - 12*q - 19. Let r(l) = -2*l + 6. Let h be r(-4). What is the units digit of g(h)?
9
Suppose -4*k = 4*v - 3*v - 30, -105 = -4*v - k. Let i = v - -12. What is the units digit of i?
8
Suppose -8*l = -11*l + 120. Suppose 7*c - 3*c = -l. Let v(r) = -r**3 - 11*r**2 - 14*r - 3. What is the units digit of v(c)?
7
Let z be 6/(-27) + (-195)/(-27). Suppose -3*i = -z*i. Let a = 14 - i. What is the units digit of a?
4
Let t be 2296/44 - (-2)/(-11). Let k = t + -12. What is the units digit of k?
0
Suppose -l + 2 = -1. What is the units digit of -4 + (l + 24 - 1)?
2
Suppose 0*b = 5*b - 585. Suppose 2*o + 210 = 2*y, 2*y - 3*o - b = 97. Suppose 0*u - 3*u + y = 5*w, 4*w - 4*u - 68 = 0. What is the tens digit of w?
1
Let y(j) = 128*j + 609. What is the hundreds digit of y(6)?
3
Let f(k) = 19*k**2 - k + 200. What is the units digit of f(15)?
0
Let g = 689 - 566. What is the hundreds digit of g?
1
Let a(v) = v**3 + v**2 - v - 1. Let r be a(-1). Suppose 4*q = 20, r*g + 2*q + 2 = 2*g. Let j = g + -5. What is the units digit of j?
1
What is the tens digit of (714/10)/((-19)/(-190))?
1
Let o be (15/(-10))/((-9)/(-12)). What is the tens digit of (-1240)/(-90) + o/(-9)?
1
Suppose 5*l + 556 = 3*i + 1711, -3*l - i = -693. Suppose -6*y + l = y. What is the tens digit of y?
3
Let y(b) = 11*b**2 - 23*b + 81. What is the hundreds digit of y(12)?
3
Suppose -10*n + 4 = -6*n. Let c(a) = 37*a**2 - 1. What is the tens digit of c(n)?
3
Let m(k) = k**2 - k - 18. Let a be m(0). Let l = a + 34. Suppose 5*o - l = o. What is the units digit of o?
4
Let q(m) = -m**2 + 7*m + 3. Let b be q(7). Suppose 3*a + 5*t = 200, 281 - 67 = b*a - 2*t. What is the tens digit of a?
7
Let r be 3/(4 - -2 - 3). What is the tens digit of r/(4/(-820)*-5)?
4
Suppose -119*h = -128*h + 13293. What is the tens digit of h?
7
What is the hundreds digit of (-8514)/(-5) + (-67)/(-335)?
7
Let v(q) = q - 5. Let m be v(8). Let u(o) = 3*o**3 + 6*o - 2. Let p(a) = 4*a**3 - a**2 + 7*a - 2. Let j(b) = -4*p(b) + 5*u(b). What is the tens digit of j(m)?
1
Let x(d) = 5*d - 31. Let r be x(7). Suppose r*n = 2*a + 231 + 11, 2*n - 4*a = 124. What is the units digit of n?
0
Let k = 656 + -234. What is the hundreds digit of k?
4
Let k = 649 - 383. What is the tens digit of k?
6
Let a = -116 - -123. Suppose 1071 = -a*m + 16*m. What is the units digit of m?
9
Let u = 6 + -2. Suppose 3*h = 5*h - u. Suppose 2*c - 46 = -4*i, 3*i + 4 + 49 = h*c. What is the units digit of c?
5
Let s = -10 - -12. Suppose 0 - 10 = s*u. What is the units digit of (1/3)/(u/(-45))?
3
Let h = 13 - 23. Let r(q) = q**3 + 8*q**2 + 13*q + 5. Let k be r(-6). What is the tens digit of 11 + h - 17/k?
1
Let l be (-6)/(-8) + 1/4. Let w(u) = -u**2 - 34*u - 127. Let p be w(-28). Suppose p = 3*r - l. What is the units digit of r?
4
Suppose r + 4*q + 0 = 8, 5*r - 25 = -5*q. Suppose 174 = r*i - 210. Suppose t = -t + i. What is the units digit of t?
8
Suppose d = -d + 2*u + 14, 5*d - 19 = u. Suppose 0 = -4*j + d*j + 10. What is the tens digit of j?
1
Let s(d) = d**2 + 9*d. Let f be s(-9). Suppose f = w - 5*w. Suppose w = -h + 15 + 10. What is the units digit of h?
5
Let i = -22 + 23. Suppose -q = -2*q - i. What is the tens digit of q/4 + (-41)/(-4)?
1
Suppose -x + 5*r = -6*x - 355, 0 = -4*x + 5*r - 293. What is the units digit of -2*74/(-12)*x/(-8)?
1
Let u(x) = x**3 + 10*x**2 + 8*x + 2. Let q be u(-9). Suppose -224 = 7*c - q*c. What is the units digit of c?
6
Let a(h) = 431*h - 828. What is the units digit of a(12)?
4
Let d = 825 - 530. Suppose -h = 4*h - d. What is the tens digit of h?
5
Let x(n) = 17*n + 3*n - 4 + 13*n. Let f be x(4). Suppose -2*q = -4*q + f. What is the tens digit of q?
6
Let m = -32 - 39. Let w = -53 - m. What is the tens digit of w?
1
Let q(v) = -2*v**2 - 99*v + 27. What is the hundreds digit of q(-43)?
5
Let y be 18 - 2*(-2 - 6/(-4)). Suppose 0 = 5*d + 15 + 35. Let v = d + y. What is the units digit of v?
9
Suppose -4*m + 103 = -3*s, -109 = 4*s - s - m. Let d be 1/((-1)/158*-2). Let j = s + d. What is the tens digit of j?
4
Let g(t) be the third derivative of t**5/60 - t**4/6 + t**3/2 + 2*t**2. Suppose -5 = -2*h + 11. What is the tens digit of g(h)?
3
Suppose -4*y + 708 = 2*i, 4*y = -5*i + i + 700. Suppose 4*u - 89 = y. What is the tens digit of u?
6
Let a(f) = -2*f**2 + 0*f**2 - 3*f**3 - f**3 + 0 + 1. Let q be a(-1). What is the units digit of 2*(2*21)/q?
8
Let i = -10 + 13. Suppose 2*v = -4, -2*m + i*v + 0*v = 4. What is the tens digit of (-84)/10*m/2?
2
Suppose 45 - 293 = -8*m. Let i = m + -8. What is the units digit of i?
3
Let g(i) = 6*i**2 + 154*i - 22. What is the units digit of g(-40)?
8
What is the hundreds digit of ((-9)/(-6))/(123/173266)?
1
Let f be 6 - (38/(-34) + (-12)/(-102)). Suppose -155 + 596 = f*y. What is the units digit of y?
3
Let k(v) = v**2 - 9*v - 10. Let r be k(-1). Suppose 13*f + 6*f - 2641 = r. What is the units digit of f?
9
Let c = -28 - -185. Let p = c - 79. What is the units digit of p?
8
Let w be (-21)/3 - (-6 - -5). What is the units digit of ((-32)/3)/(4/w)?
6
Let i(w) = w**3 + 2*w**2 + 1.